{"version":"1.0","provider_name":"Galerie Central","provider_url":"https:\/\/galeriecentral.ch\/en\/","author_name":"galeriecentral","author_url":"https:\/\/galeriecentral.ch\/en\/author\/galeriecentral\/","title":"Patrick Nyfeler in der Engadiner Post - Galerie Central","type":"rich","width":600,"height":338,"html":"<blockquote class=\"wp-embedded-content\" data-secret=\"HkvaFdwund\"><a href=\"https:\/\/galeriecentral.ch\/en\/patrick-nyfeler-in-der-engadiner-post\/\">Patrick Nyfeler in der Engadiner Post<\/a><\/blockquote><iframe sandbox=\"allow-scripts\" security=\"restricted\" src=\"https:\/\/galeriecentral.ch\/en\/patrick-nyfeler-in-der-engadiner-post\/embed\/#?secret=HkvaFdwund\" width=\"600\" height=\"338\" title=\"&#8220;Patrick Nyfeler in der Engadiner Post&#8221; &#8212; Galerie Central\" data-secret=\"HkvaFdwund\" frameborder=\"0\" marginwidth=\"0\" marginheight=\"0\" scrolling=\"no\" class=\"wp-embedded-content\"><\/iframe><script type=\"text\/javascript\">\n\/* <![CDATA[ *\/\n\/*! This file is auto-generated *\/\n!function(d,l){\"use strict\";l.querySelector&&d.addEventListener&&\"undefined\"!=typeof URL&&(d.wp=d.wp||{},d.wp.receiveEmbedMessage||(d.wp.receiveEmbedMessage=function(e){var t=e.data;if((t||t.secret||t.message||t.value)&&!\/[^a-zA-Z0-9]\/.test(t.secret)){for(var s,r,n,a=l.querySelectorAll('iframe[data-secret=\"'+t.secret+'\"]'),o=l.querySelectorAll('blockquote[data-secret=\"'+t.secret+'\"]'),c=new RegExp(\"^https?:$\",\"i\"),i=0;i<o.length;i++)o[i].style.display=\"none\";for(i=0;i<a.length;i++)s=a[i],e.source===s.contentWindow&&(s.removeAttribute(\"style\"),\"height\"===t.message?(1e3<(r=parseInt(t.value,10))?r=1e3:~~r<200&&(r=200),s.height=r):\"link\"===t.message&&(r=new URL(s.getAttribute(\"src\")),n=new URL(t.value),c.test(n.protocol))&&n.host===r.host&&l.activeElement===s&&(d.top.location.href=t.value))}},d.addEventListener(\"message\",d.wp.receiveEmbedMessage,!1),l.addEventListener(\"DOMContentLoaded\",function(){for(var e,t,s=l.querySelectorAll(\"iframe.wp-embedded-content\"),r=0;r<s.length;r++)(t=(e=s[r]).getAttribute(\"data-secret\"))||(t=Math.random().toString(36).substring(2,12),e.src+=\"#?secret=\"+t,e.setAttribute(\"data-secret\",t)),e.contentWindow.postMessage({message:\"ready\",secret:t},\"*\")},!1)))}(window,document);\n\/\/# sourceURL=https:\/\/galeriecentral.ch\/wp-includes\/js\/wp-embed.min.js\n\/* ]]> *\/\n<\/script>\n","thumbnail_url":"https:\/\/galeriecentral.ch\/wp-content\/uploads\/2021\/03\/Patrick-Nyfeler-in-der-Engadiner-Post-Pic-1012x1024.jpg","thumbnail_width":1012,"thumbnail_height":1024,"description":"\u201cIm unteren Tal der Via dal Bagn in St. Moritz Bad sind die Menschen oft schnell unterwegs und gehen ihren Besorgungen nach. Dabei k\u00f6nnten sie zwischen dem Gang zum B\u00e4cker, Coiffeur oder zu Apotheke auch mal einen Moment innehalten. Dazu l\u00e4dt sie die Central Art Gallery schr\u00e4g gegen\u00fcber vom Coop Bellevue ein. Seit einigen Wochen [&hellip;]"}

“Im unteren Tal der Via dal Bagn in St. Moritz Bad sind die Menschen oft schnell unterwegs und gehen ihren Besorgungen nach. Dabei könnten sie zwischen dem Gang zum Bäcker, Coiffeur oder zu Apotheke auch mal einen Moment innehalten. Dazu lädt sie die Central Art Gallery schräg gegenüber vom Coop Bellevue ein. Seit einigen Wochen [&hellip;]
