{"version":"1.0","provider_name":"Galerie Central","provider_url":"https:\/\/galeriecentral.ch\/en\/","author_name":"galeriecentral","author_url":"https:\/\/galeriecentral.ch\/en\/author\/galeriecentral\/","title":"Die Sonne & der Himmel des Engadins - Galerie Central","type":"rich","width":600,"height":338,"html":"<blockquote class=\"wp-embedded-content\" data-secret=\"HIHtFfUwJx\"><a href=\"https:\/\/galeriecentral.ch\/en\/die-sonne-der-himmel\/\">Die Sonne &#038; der Himmel des Engadins<\/a><\/blockquote><iframe sandbox=\"allow-scripts\" security=\"restricted\" src=\"https:\/\/galeriecentral.ch\/en\/die-sonne-der-himmel\/embed\/#?secret=HIHtFfUwJx\" width=\"600\" height=\"338\" title=\"&#8220;Die Sonne &#038; der Himmel des Engadins&#8221; &#8212; Galerie Central\" data-secret=\"HIHtFfUwJx\" frameborder=\"0\" marginwidth=\"0\" marginheight=\"0\" scrolling=\"no\" class=\"wp-embedded-content\"><\/iframe><script>\n\/*! This file is auto-generated *\/\n!function(d,l){\"use strict\";l.querySelector&&d.addEventListener&&\"undefined\"!=typeof URL&&(d.wp=d.wp||{},d.wp.receiveEmbedMessage||(d.wp.receiveEmbedMessage=function(e){var t=e.data;if((t||t.secret||t.message||t.value)&&!\/[^a-zA-Z0-9]\/.test(t.secret)){for(var s,r,n,a=l.querySelectorAll('iframe[data-secret=\"'+t.secret+'\"]'),o=l.querySelectorAll('blockquote[data-secret=\"'+t.secret+'\"]'),c=new RegExp(\"^https?:$\",\"i\"),i=0;i<o.length;i++)o[i].style.display=\"none\";for(i=0;i<a.length;i++)s=a[i],e.source===s.contentWindow&&(s.removeAttribute(\"style\"),\"height\"===t.message?(1e3<(r=parseInt(t.value,10))?r=1e3:~~r<200&&(r=200),s.height=r):\"link\"===t.message&&(r=new URL(s.getAttribute(\"src\")),n=new URL(t.value),c.test(n.protocol))&&n.host===r.host&&l.activeElement===s&&(d.top.location.href=t.value))}},d.addEventListener(\"message\",d.wp.receiveEmbedMessage,!1),l.addEventListener(\"DOMContentLoaded\",function(){for(var e,t,s=l.querySelectorAll(\"iframe.wp-embedded-content\"),r=0;r<s.length;r++)(t=(e=s[r]).getAttribute(\"data-secret\"))||(t=Math.random().toString(36).substring(2,12),e.src+=\"#?secret=\"+t,e.setAttribute(\"data-secret\",t)),e.contentWindow.postMessage({message:\"ready\",secret:t},\"*\")},!1)))}(window,document);\n\/\/# sourceURL=https:\/\/galeriecentral.ch\/wp-includes\/js\/wp-embed.min.js\n<\/script>\n","thumbnail_url":"http:\/\/galeriecentral.ch\/wp-content\/uploads\/2024\/01\/DSC03614-1024x542.jpg","thumbnail_width":600,"thumbnail_height":318,"description":"Es gibt wenige Werke, die die Kraft und Ausstrahlung des Engadins so gut verk\u00f6rpern wie diese zwei Reliefs von Ernestina Abb\u00fchl. Das Relief \u201eSolai Engiadinais\u201c (die Sonne im Engadin) und Relief \u201eTsch\u00eal&nbsp;Engiadinais\u201c (der Himmel im Engadin) repr\u00e4sentieren das Wahrzeichen des Engadins mit einer gekonnten Intensivit\u00e4t und Pracht. L\u00e9onie und Markus standen bis jetzt noch nie [&hellip;]"}

Es gibt wenige Werke, die die Kraft und Ausstrahlung des Engadins so gut verkörpern wie diese zwei Reliefs von Ernestina Abbühl. Das Relief „Solai Engiadinais“ (die Sonne im Engadin) und Relief „Tschêl&nbsp;Engiadinais“ (der Himmel im Engadin) repräsentieren das Wahrzeichen des Engadins mit einer gekonnten Intensivität und Pracht. Léonie und Markus standen bis jetzt noch nie [&hellip;]
